s divided by b?
12
Suppose 10*j - 627 - 800 = 633. What is the remainder when 220 is divided by j?
14
Suppose 97*f - 4884 = 7005 + 10712. What is the remainder when 2791 is divided by f?
228
Let t(h) = h**2 + 7*h + 1. Let j be t(-10). Let i = 54 - 5. Let w = i - j. What is the remainder when w is divided by 7?
4
Suppose -82 = 2*k - 4*o + 26, -5*k + o - 225 = 0. Calculate the remainder when (-6)/(-4) + (-3938)/k is divided by 7.
0
Let s be (-198)/(-5) - (-54)/(-90). Suppose 3*h - 3*r = 69, -5*h + 142 - s = -2*r. Calculate the remainder when 74 is divided by h.
17
Let y(n) = n**3 + 17*n**2 + 11*n + 27. Let o be y(-17). Let c = o - -194. What is the remainder when 518/8 - 21/28 is divided by c?
30
Suppose 0 = -2*x - u + 148, 2*u + 193 = 4*x - 87. Suppose 4*m - 135 = m - 3*c, -5*m + 4*c + 198 = 0. Calculate the remainder when x is divided by m.
30
Suppose -5*b + 8 = t, 5*b - 3*b = 2. Suppose -t*j - 28 = -163. Calculate the remainder when j is divided by 8.
5
Let s(j) be the first derivative of j**3/3 - 9*j**2 - 14*j - 34. Calculate the remainder when -1 - -1 - (-98 - 3) is divided by s(20).
23
Let g be 4/((-4)/(-3)) - 1. Suppose -3*p = -3, -4*p - 14 = -g*i - 0*p. Suppose -9 = 4*o - 7*o. Calculate the remainder when i is divided by o.
0
Suppose -38 - 1 = -3*p. Let f(a) = a**3 + 32*a**2 + 136*a + 260. Calculate the remainder when f(-27) is divided by p.
12
Let k = 5167 - 4976. What is the remainder when 1898 is divided by k?
179
Let r = 9 - 5. Suppose r*i + 1 - 81 = 0. What is the remainder when 79 is divided by i?
19
Let l = -6698 + 6717. What is the remainder when 479 is divided by l?
4
Calculate the remainder when 289 is divided by 6 - -1 - (33/(-3) + -229).
42
Suppose -13*g + 19032 = -7*g. What is the remainder when 6/15 + g/20 is divided by 32?
31
Calculate the remainder when 900 is divided by 5 + 2 + -10 - (-2)/(10/75).
0
Suppose -20*c - c = -441. Suppose -c - 17 = -2*w. What is the remainder when w is divided by 5?
4
Calculate the remainder when -1 + 0 + ((-60)/(-14))/((-8)/(-1512)) is divided by 27.
26
Suppose t + 35 = -n - 28, -3*n = -3*t + 165. Let z = 63 + n. Let k = 56 - 14. What is the remainder when k is divided by z?
2
Let d = -585 - -944. What is the remainder when 735 is divided by d?
17
Let w(s) = -160*s + 42. Calculate the remainder when w(0) is divided by 26.
16
Let y(j) = j**3 - 25*j**2 - 22*j - 17. Calculate the remainder when 259 is divided by y(26).
85
Suppose 19 = 7*d - 2 - 14. Let v = -177 - -360. Suppose -4*h = 2*u - 575 - v, -h + d*u + 195 = 0. What is the remainder when h is divided by 48?
46
Let w = 174 - 105. Let y = 169 + -176. Let z(h) = h**3 + 7*h**2 + 14. Calculate the remainder when w is divided by z(y).
13
Let f be (2 + 2 - -20) + 0. Suppose -3*z + 81 - f = 4*k, -2*z + 3*k = -21. Let d = 9 - 1. Calculate the remainder when z is divided by d.
7
Suppose -5*o + 6*o = -6. Let s(k) = -k**3 - 3*k**2 + 9*k + 2. Suppose d + 2*q - 15 = 0, 0*q - 15 = -d + 2*q. What is the remainder when s(o) is divided by d?
11
Let b be (-6 - 0) + 3 + 0 - -5. Suppose b*v - 101 = 31. What is the remainder when v is divided by 17?
15
Suppose 5*i = -4*l + 678 + 2550, 0 = 2*i + 2*l - 1290. Calculate the remainder when i is divided by 44.
32
Let c(h) = -18*h - 1074. What is the remainder when 145 is divided by c(-60)?
1
Calculate the remainder when 72 is divided by (-1 - (-4 - 0))*(1411/51 - 6).
7
Suppose 125*y + 9484 = 25484. What is the remainder when 569 is divided by y?
57
Let c(d) = -53 + 100 - 75 - 17*d - d**2. What is the remainder when c(-12) is divided by 13?
6
Let n(l) = -123*l - 1574. What is the remainder when 2397 is divided by n(-13)?
22
Let x = 8 + -15. Let u(y) = -8*y + 17. Calculate the remainder when u(x) is divided by 4.
1
What is the remainder when 71 - -11*(-5)/55 is divided by 13?
5
Let q = -93 - -97. Suppose 4*n - q = -2*u + 10, 7 = u + 3*n. What is the remainder when 11 is divided by u?
4
Suppose 41 = h - 5*b, 2*b + 400 - 342 = 2*h. What is the remainder when (-2)/2 - -128 - 0 is divided by h?
23
What is the remainder when 76 is divided by (1/1 - 3)*455/(-26)?
6
Let g = 3473 + -3082. What is the remainder when g is divided by 101?
88
Let i(s) = -100*s - 1562. Calculate the remainder when 2092 is divided by i(-16).
2
Let c(x) = -x + 14. Let v be c(15). Let y = 34 - v. Let z = 132 - -7. What is the remainder when z is divided by y?
34
Suppose 29*f = 31*f. Suppose f*n = y + 3*n - 25, 4*n + 132 = 4*y. Suppose 0*l - 5*l + y = 3*r, 5*r = l - 23. Calculate the remainder when 20 is divided by l.
4
Let f(m) = -m**3 + 7*m**2 - 14*m + 36. Let n be f(5). Suppose n*v - 30*v = -12096. Calculate the remainder when v is divided by 51.
48
Suppose 39*j = 27*j + 84. Calculate the remainder when 123 is divided by j.
4
Suppose -6*j + h = -2*j - 655, -5*h + 937 = 6*j. Calculate the remainder when 6475 is divided by j.
157
Let c(y) = 23 + y + 17 - 6. Calculate the remainder when c(-8) is divided by 11.
4
Let n = -920 + 361. Let l = 798 + n. What is the remainder when l is divided by 8?
7
Suppose -n + 8*y + 29 = 0, -174 = -3*n + y - 18. Let h(c) = 14*c**3 - 2*c**2 - c + 1. What is the remainder when h(2) is divided by n?
50
Suppose -2*u + 282 = -4*z, -3*u + 4*z = -465 + 34. Calculate the remainder when u is divided by 25.
24
Let b be (-30)/(-8) - 10/(-8). Suppose -6*q + 33 = b*q. Suppose q*a = 5*v + 61, 0 = a - v - 4*v - 37. What is the remainder when a is divided by 5?
2
Suppose -r + 9 = -4*u, -r + 3*u = -2*r + 65. What is the remainder when 91 is divided by r?
9
Let l = 30891 + -30825. Calculate the remainder when 5081 is divided by l.
65
Let u(a) = -60*a**3 - 11*a**2 - 11*a - 13. What is the remainder when u(-4) is divided by 27?
23
Let z(l) = l**3 + 10*l**2 + 4*l - 2. Let p be 1/((-2)/(-180)) + (-36 - -34). What is the remainder when z(-8) is divided by 2128/p + 6/(-33)?
22
Calculate the remainder when 736 is divided by 28/18 + 52672/576.
85
Let m be -4 - -15 - (-4 + 6). Let x = m + 53. Calculate the remainder when x is divided by 13.
10
Let b(w) = -8*w - 13. Let k(u) = 8*u + 62 - 7 - 18. What is the remainder when k(16) is divided by b(-7)?
36
Suppose q + 904 = -q + 4816. Calculate the remainder when q is divided by 22.
20
Let b be ((-10)/4 + 2)*(13 - -11). Let q be 3/(12/85) - 9/b. Let f = 8 + q. What is the remainder when 147 is divided by f?
27
Let n = 5610 + -5469. Calculate the remainder when n is divided by 125.
16
Let x(f) be the first derivative of -4*f**2 + 59*f + 21. Calculate the remainder when 7 is divided by x(7).
1
Suppose -s = -2 - 3. Suppose -5*g + s*o = -40, 3*g - 15 = 4*o + 12. Suppose -2*w + 76 = 38. Calculate the remainder when w is divided by g.
4
Suppose 534*c = 426*c + 16294 + 7466. What is the remainder when c is divided by 50?
20
Let i = 237 + -476. Let g = 245 + i. Calculate the remainder when 44 is divided by g.
2
Suppose -m = -2*i + 636, -3*i - 317 = -4*i + m. Calculate the remainder when 323 is divided by i.
4
Let j(r) be the first derivative of -r**3/3 + 3*r**2 + 115*r + 109. Calculate the remainder when j(12) is divided by 8.
3
What is the remainder when 71 is divided by (-549)/36*-2*(-2)/(-1)?
10
Let d(n) = -4*n - 70. Let o be d(-20). Suppose -o = -4*r + 10, -409 = -4*s - 5*r. Calculate the remainder when s is divided by 11.
8
Suppose -3*y = a + 4*a - 59, -3*y = 4*a - 61. Let d(g) = 0*g - g**2 - 3*g**2 + 5*g**2 - 6 - 4*g. Calculate the remainder when y is divided by d(6).
5
Let y(s) = s**2 - 17*s + 56. Let o be y(6). What is the remainder when 8 - (-4551)/15 - (-4)/o is divided by 52?
51
Let w(g) = -26*g - 412. Calculate the remainder when w(-27) is divided by 83.
41
Let a be ((-2)/(-3))/((-16)/(-11808)). Let v = a - 853. Let d = -229 - v. Calculate the remainder when d is divided by 45.
42
Let y(j) = -13*j + 9. Let x be y(2). Let o = 14 + x. What is the remainder when 98/(o + 4) + (-6)/2 is divided by 16?
15
Suppose 0 = -u + 5, -g = -4*u - 137 - 84. What is the remainder when g is divided by 238?
3
Let d(y) = -135*y - 3355. What is the remainder when 629 is divided by d(-26)?
9
Suppose 32*a + 1104 = 2*r + 29*a, 5*a = -r + 565. What is the remainder when r is divided by 13?
9
Suppose o + 166 = -18*v + 17*v, -5*v + 2*o = 816. Let a = 178 + v. Calculate the remainder when (-1 + 65/(-2))*-2 is divided by a